divisor of 1 and 522206.
1
Calculate the greatest common divisor of 712395 and 405.
405
What is the greatest common factor of 702 and 24024?
78
What is the highest common divisor of 105 and 39615?
15
What is the greatest common divisor of 10400 and 125?
25
Calculate the highest common divisor of 4039 and 85973.
577
What is the greatest common divisor of 1035 and 4048?
23
What is the greatest common factor of 330351 and 84?
21
Calculate the highest common factor of 1320 and 322520.
440
What is the greatest common divisor of 577845 and 45?
45
Calculate the highest common divisor of 26077 and 11427.
293
What is the highest common factor of 176631 and 273?
273
What is the greatest common divisor of 28 and 22036?
28
What is the highest common divisor of 25 and 168375?
25
What is the greatest common factor of 865903 and 2253?
751
What is the greatest common factor of 68 and 18938?
34
Calculate the greatest common divisor of 201 and 532717.
67
Calculate the highest common factor of 33 and 92499.
33
What is the highest common factor of 138 and 6555?
69
What is the greatest common divisor of 492 and 38745?
123
Calculate the highest common factor of 8960 and 1472.
64
Calculate the highest common factor of 338 and 21463.
169
Calculate the highest common divisor of 172 and 80453.
43
What is the highest common divisor of 20558 and 71412?
1082
Calculate the highest common factor of 350 and 451150.
350
Calculate the highest common divisor of 39615 and 3705.
285
What is the highest common factor of 87 and 645453?
87
Calculate the greatest common factor of 1807776 and 288.
288
What is the greatest common factor of 31429 and 12826?
53
Calculate the highest common divisor of 5431050 and 1350.
1350
What is the greatest common divisor of 114765 and 105?
105
Calculate the highest common factor of 12 and 17412.
12
What is the highest common factor of 220 and 7755?
55
Calculate the highest common divisor of 1684 and 102303.
421
What is the highest common factor of 41297 and 305?
61
Calculate the greatest common divisor of 214 and 289.
1
What is the highest common divisor of 102 and 5808?
6
What is the greatest common divisor of 782 and 48346?
46
What is the highest common factor of 2531813 and 293?
293
Calculate the greatest common factor of 1581 and 4216.
527
Calculate the greatest common divisor of 12299 and 595.
7
What is the greatest common divisor of 4184 and 2908?
4
What is the greatest common divisor of 510050 and 25?
25
What is the greatest common divisor of 82782 and 186?
6
Calculate the highest common divisor of 85 and 140845.
85
What is the greatest common divisor of 2544 and 46746?
318
What is the greatest common divisor of 4640 and 182320?
80
What is the highest common factor of 41378 and 2414?
34
What is the greatest common factor of 240 and 5680?
80
What is the highest common divisor of 297 and 1239183?
99
Calculate the highest common divisor of 3376 and 1266.
422
Calculate the highest common factor of 985611 and 33.
33
Calculate the highest common factor of 175923 and 99.
99
What is the greatest common divisor of 1 and 41777?
1
Calculate the greatest common factor of 966 and 23506.
322
Calculate the highest common factor of 105 and 2885.
5
Calculate the greatest common factor of 428155 and 455.
455
Calculate the greatest common divisor of 3695 and 34733.
739
Calculate the highest common factor of 162 and 3042.
18
What is the greatest common factor of 75682 and 316?
158
Calculate the highest common divisor of 48995 and 45715.
205
Calculate the highest common divisor of 529 and 142577.
23
Calculate the greatest common factor of 5412 and 308.
44
Calculate the highest common divisor of 26200 and 128.
8
What is the highest common divisor of 409 and 123927?
409
What is the highest common factor of 5320 and 52535?
665
Calculate the greatest common factor of 15350 and 80.
10
Calculate the greatest common factor of 5222 and 168.
14
What is the highest common factor of 206493 and 21?
21
Calculate the highest common factor of 168 and 1997100.
84
Calculate the highest common factor of 139878 and 228.
114
What is the highest common divisor of 493 and 760699?
493
What is the greatest common divisor of 2606140 and 20?
20
What is the greatest common factor of 1550 and 8494?
62
Calculate the highest common divisor of 124352 and 145.
29
What is the highest common factor of 49 and 112063?
49
Calculate the highest common divisor of 134865 and 740.
185
Calculate the highest common divisor of 9143 and 2007.
223
Calculate the greatest common factor of 25685 and 110.
55
What is the highest common factor of 55427 and 13674?
43
Calculate the greatest common divisor of 31 and 34627.
31
Calculate the greatest common divisor of 187880 and 660.
220
What is the greatest common divisor of 162 and 1798254?
54
What is the highest common factor of 10969 and 255421?
1567
Calculate the highest common divisor of 805491 and 81.
27
What is the highest common divisor of 119568 and 4?
4
Calculate the highest common factor of 1848 and 1925.
77
Calculate the greatest common factor of 1057360 and 100.
20
What is the greatest common divisor of 184 and 48599?
23
What is the greatest common divisor of 634341 and 5391?
1797
Calculate the greatest common factor of 648 and 10776.
24
What is the highest common divisor of 4484 and 51448?
236
Calculate the greatest common factor of 4 and 8698.
2
What is the greatest common divisor of 252 and 540612?
36
Calculate the highest common divisor of 18998 and 6762.
322
Calculate the greatest common factor of 7 and 270151.
7
Calculate the greatest common factor of 2104 and 3000.
8
What is the greatest common divisor of 741 and 1013441?
247
What is the highest common factor of 186948 and 2268?
324
What is the greatest common factor of 5067 and 127238?
563
Calculate the highest common factor of 1296 and 5436.
36
What is the greatest common factor of 116103 and 6591?
507
Calculate the highest common divisor of 5860809 and 81.
27
Calculate the greatest common divisor of 158953 and 46.
23
What is the greatest common factor of 5640 and 645?
15
Calculate the greatest common factor of 1833 and 1457.
47
What is the greatest common divisor of 74 and 1619527?
37
What is the greatest common divisor of 21 and 19047?
21
What is the greatest common divisor of 28 and 5404?
28
What is the highest common divisor of 12 and 183?
3
Calculate the highest common divisor of 245 and 285635.
35
Calculate the highest common factor of 94662 and 27.
27
Calculate the highest common factor of 121 and 7887.
11
Calculate the greatest common factor of 68 and 2648.
4
What is the highest common factor of 229410 and 270?
90
Calculate the highest common divisor of 29268 and 1944.
108
What is the highest common divisor of 1209 and 30473?
31
What is the greatest common divisor of 968 and 2824?
8
Calculate the highest common factor of 12328 and 2077.
67
Calculate the highest common factor of 153 and 2439.
9
What is the highest common factor of 19557 and 369?
369
What is the highest common factor of 85163 and 143?
13
Calculate the greatest common divisor of 124511 and 89.
89
What is the highest common divisor of 124914 and 12?
6
Calculate the highest common factor of 32 and 876.
4
What is the highest common factor of 5975 and 2?
1
What is the greatest common factor of 368 and 115?
23
What is the highest common factor of 1569 and 37?
1
What is the highest common divisor of 4 and 726?
2
Calculate the highest common divisor of 131945 and 55.
55
Calculate the highest common divisor of 143 and 37661.
13
Calculate the highest common divisor of 33 and 12495.
3
Calculate the greatest common divisor of 81 and 4802598.
27
Calculate the greatest common divisor of 1485 and 325.
5
What is the highest common factor of 2276 and 32?
4
What is the greatest common divisor of 5723 and 1067?
97
What is the highest common factor of 1015352 and 4394?
338
Calculate the highest common factor of 1883 and 56.
7
What is the greatest common divisor of 2755 and 238960?
145
What is the highest common factor of 5353 and 4399?
53
Calculate the highest common factor of 1 and 426427.
1
Calculate the greatest common factor of 173 and 17672296.
173
What is the highest common divisor of 2790 and 5085?
45
Calculate the highest common di